= r + 27. What is the units digit of h?
1
Let r = -33 + 68. Let h = r + -12. What is the units digit of h?
3
Let n be 0/1*1/1. Suppose -18 = -3*k - 5*p, n*p - 4*p = 0. Suppose -6 = -2*v - b, -2*v - 5*b - k = -v. What is the units digit of v?
4
Let i(k) = 2*k + 2. Let f be i(-7). Let x be (-98)/f + (-5)/30. Suppose -4*u - 2*d + 10 = 0, d - 25 + x = -5*u. What is the units digit of u?
4
Let p(t) = -t**3 - 4*t**2 + 3*t + 7. Let v be p(-5). Let r = v - -4. What is the tens digit of r?
2
Let f = -13 + 1. Let s(t) = -t**3 - 11*t**2 + 9*t - 1. What is the tens digit of s(f)?
3
What is the tens digit of (-45)/(-2)*(-22)/(-33)?
1
Let t(q) = -q**3 + 5*q**2 - 3*q - 4. Let s be t(4). Suppose 4*g = -s*g + 8. What is the units digit of g?
2
Let b be (12/42)/((-1)/(-7)). Suppose 0*a - 22 = -b*a + f, 9 = a - f. What is the tens digit of a?
1
Let c(n) = n + 29. What is the tens digit of c(-13)?
1
Let w(y) = -10*y - 3. Let u(h) = -2*h**2 - 3*h + 4. Let n be u(-3). What is the tens digit of w(n)?
4
Let t be (-18)/12*(1 + -3). Suppose t*u + 0*u = -21. Let n = 11 + u. What is the units digit of n?
4
Let q(z) = 2*z**3 - 4*z**2 + z + 1. Suppose n + 5*d - 6 - 2 = 0, 0 = 3*n + 4*d - 13. What is the units digit of q(n)?
2
What is the tens digit of 2/(-3) - (-366)/9?
4
Let p be (-8)/(-8) - (1 - 0). Let d = p - -18. What is the units digit of d?
8
Let u be -20*(4 - 1 - 1). What is the tens digit of ((-27)/(-6))/((-6)/u)?
3
Let y(x) = 9*x**3 + x**2 - 1. Let d be y(-1). Let i = d - -18. What is the units digit of i?
9
Let s(v) = 5*v - 1. Let g be s(2). Let u(w) = -7*w + 2*w**2 + w**2 + g - 4*w**2. What is the units digit of u(-7)?
9
Let r(d) be the second derivative of d**4/12 + 7*d**3/6 - 11*d**2/2 + d. Suppose 3 = 3*k + 33. What is the units digit of r(k)?
9
Let p = -7 + 11. What is the units digit of (-1)/2 + 34/p?
8
Let l = 315 + -222. What is the units digit of l?
3
Suppose 0*z + z = 107. What is the units digit of z?
7
Let h be 330/12*(-4)/5. Let y be (-4)/h + (-40)/(-22). Suppose -y*b = -1 - 1. What is the units digit of b?
1
What is the units digit of 3/(132/2192) - (-4)/22?
0
Let x(q) = -q**3 + 2*q - 1. What is the units digit of x(-2)?
3
Suppose -f - 3*k + 52 = 0, 104 = -0*f + 2*f - 3*k. What is the units digit of f?
2
Let c(o) = o**2 + 3*o - 4. Let h be c(-5). What is the tens digit of (-23)/(-2) - 3/h?
1
Suppose 3*h - 4*k + 11 = 0, 4*h - 5*k = -h - 15. Let l = h + 4. Suppose -l*b + 39 = -0*b. What is the tens digit of b?
1
Let h(l) = -16*l - 6. What is the units digit of h(-8)?
2
Let m(a) = 9*a - 4. Let c be m(-2). Let i = c + 42. What is the units digit of i?
0
Suppose 5*n + 2*k - 101 = 0, 19 + 44 = 3*n + 2*k. Suppose 5*t = -5*o - 10, -5*o + 4*t = -7 - n. What is the units digit of o/((-1)/3 + 1)?
3
Suppose 3*w - 40 = -2*k + 92, -123 = -3*w + k. What is the units digit of w?
2
Let h(u) = -u**3 - 7*u**2 - 6*u + 3. Let m be h(-5). Let r = 5 - m. What is the units digit of r?
2
Suppose 4*h + 8 = 4*l, 2*h - 10 = -2*l - 2. Suppose -14 - 17 = -5*j - k, 0 = 5*j - 5*k - 25. What is the units digit of (j/(1 - l))/(-1)?
3
Let c = 37 + -30. What is the units digit of c?
7
Suppose 5*t - 172 = 4*j, 0 = -3*t + 3*j - 2*j + 99. What is the tens digit of t?
3
Suppose 5*n - 189 - 11 = 0. Let o = -28 + n. What is the units digit of o?
2
Let l = 68 - 53. What is the units digit of l?
5
Let h = 4 - 3. Let l be (h + -19)/(15/(-10)). Suppose 5*m - l = 3*m. What is the units digit of m?
6
Let j(d) = 14*d + 7. What is the units digit of j(3)?
9
Let w(n) = n**3 + 5*n**2 + 4*n + 3. Suppose -b + 0*b - 2 = 0. Let t be w(b). Let k(h) = h - 3. What is the units digit of k(t)?
4
Let p be (6/4)/(4/40). Let b = p - 7. What is the units digit of b?
8
Let q be 8/(-3 + 46/14). Suppose 0*x + 3*s + 72 = 3*x, 0 = x + s - q. What is the units digit of x?
6
Let r be (-12)/(12/(-4)) + -2. Let s(z) = z**3 - 4*z**2 - z + 3. Let g be s(4). Let i = r + g. What is the units digit of i?
1
Let n(g) = g + 14. Let u be n(-12). Suppose -5 = -u*q + 13. What is the units digit of q?
9
Suppose 106 = 4*b - 126. What is the tens digit of b?
5
Let f(h) = 8*h + 3. Let y be f(-2). What is the units digit of y*(3 + -2)*-1?
3
Suppose -5*o = -0*o - 15. Let g(p) = 2*p**3 - 3*p**2 + 3*p + 1. What is the tens digit of g(o)?
3
Let k = 7 + 32. What is the units digit of k?
9
What is the tens digit of (-4)/(-14) + (-2544)/(-14)?
8
Suppose 2*p + 6 = s - 3*p, 3*p + 6 = 0. Let o = 1 - s. Suppose -33 = -o*w - 3. What is the units digit of w?
6
Let r be 8/(3*(-2)/(-3)). What is the units digit of -16*(1 - 3)/r?
8
Let w(h) be the first derivative of -h**3/3 + h**2/2 + 5*h + 4. What is the units digit of w(0)?
5
Let m be 4/(4/3) - 11. What is the tens digit of -1*-2*(-68)/m?
1
Suppose -2*n = -0*n + 18. What is the tens digit of -1*(-1 + -1 + n)?
1
Suppose 4*q - 9 = 7. Suppose 0 = -4*r + 12 - q. What is the units digit of r?
2
Suppose -5*k + 29 = 2*s - 276, 4*s + 3*k = 617. What is the units digit of s?
5
Suppose 4*d - 18 - 18 = 0. What is the units digit of d?
9
Let m = -292 + 409. What is the hundreds digit of m?
1
Suppose -4*c + 119 = t - 147, -2*c - 5*t = -124. What is the tens digit of c?
6
Let y = 15 + -11. Suppose 0 = -5*f - 3*w - 3, -2*f + 3 = w - y*w. Let d = f + 1. What is the units digit of d?
1
Suppose 0 = -3*l + 9 - 39. Let v = 21 + l. Let g = v + -6. What is the units digit of g?
5
Let g be 1/5 - (-112)/(-10). Let b = 26 + -33. Let x = b - g. What is the units digit of x?
4
Let f = -6 + 10. Suppose 23 + 37 = f*z. What is the units digit of z?
5
Suppose v - 1 = 3*v + i, 5*v = 2*i + 2. Suppose 5*j + 10 = -v*j. Let q = j + 11. What is the units digit of q?
9
Let p(k) = k**2 - 2*k - 3. Let m be p(4). Suppose -4*i = m - 13. Suppose -5*h + i*h + 41 = 2*d, 4*h = -d + 33. What is the tens digit of d?
1
Suppose -g = -1 - 4. Suppose -g = -j - 2*i, -4*j + 16 + 9 = 3*i. What is the units digit of j?
7
Let f(q) = 9*q - 7. Let z(n) = 3*n - 2. Let d(k) = 6*f(k) - 17*z(k). What is the units digit of d(9)?
9
Let i = 10 - 7. Suppose 5*p - 2*p = -i, -5*t + 2*p + 302 = 0. What is the units digit of t?
0
Let m(s) = -s. Let y be m(-2). Suppose -y*i - 3*i + 30 = 0. Suppose 2*o - o + 5 = 0, 3*t = -3*o + i. What is the units digit of t?
7
Suppose -5*h = q + 19, 2*q - 3*h - 5 - 22 = 0. Let x(l) = l + 16. Let d be x(-13). Suppose -d*r + r = -q. What is the units digit of r?
3
Let j = -45 - -72. Suppose 5 = w + 2. Suppose -j = -w*q - 0*q. What is the units digit of q?
9
Let m(c) = -3*c + 3. Let j be m(2). Let s = 19 + j. What is the tens digit of s?
1
Suppose m + 1 = 4. What is the units digit of (1 - -2)*22/m?
2
Let l = -39 - -43. Let u be (0 - -15 - 0) + 0. Suppose -l*r = -9*r + u. What is the units digit of r?
3
Suppose -22*u = -24*u + 48. What is the units digit of u?
4
Let m(a) = -a**3 + 8*a**2 + 2*a - 12. Let s be m(8). Suppose s*c + 12 = 2*c. Let w = -4 - c. What is the units digit of w?
2
Let l = 10 - 5. Let s(p) = -4*p**2 + p**3 - 4*p + 0 + 6 + 0. What is the tens digit of s(l)?
1
Let g(x) = -7*x**2 + 1 - x**2 + 10*x**3 + 6*x**2. What is the units digit of g(1)?
9
Let z = -12 - -17. Suppose z*m - 2*n = 4, 3*n + 4 = 13. Suppose 2*h = -4*t, -m*t - 3*t = 4*h - 3. What is the units digit of h?
2
Let a(t) be the third derivative of t**4/24 - t**3/6 - 2*t**2. Let g be a(6). Suppose -9 = -g*c + 36. What is the units digit of c?
9
Let z(m) = m**3 - 29*m**2 - 2*m + 60. What is the units digit of z(29)?
2
Suppose 2*u = 5*s - 113, 0*s - 5*s + 125 = -5*u. What is the tens digit of s?
2
Suppose -4*j - 5*z = -146 - 57, -4*j + 205 = 3*z. Suppose -g - j = -5*g. What is the units digit of g?
3
Let m be (0 + 2*7)*1. Let x = m - 20. Let c = 7 + x. What is the units digit of c?
1
Suppose -4 = -2*t + 3*t. Let k be (12/(-21))/(6/(-42)). Let c = k - t. What is the units digit of c?
8
Suppose 4*g - 16 = 2*z, 3*z = 4*g - 0*z - 20. Suppose -g*l - 9 = -5*l. What is the units digit of l?
3
Let o be ((-2)/3)/((-4)/18). Let h(c) = o + c - 1 + 7. What is the units digit of h(0)?
9
Suppose -2*o + 0*o + 28 = 4*r, 3*o - 12 = 0. Suppose -7 = -r*x + 4*j, 4*x + 2*j - 2 = 7*j. Let f(z) = -z**3 + 4*z**2 - 2*z + 3. What is the units digit of f(x)?
6
Suppose 56 = 2*r - 50. What is the tens digit of r?
5
What is the units digit of -2 - 2/((-8)/1516)?
7
Suppose 5*y = 3*y - u + 3